{"id":107,"date":"2025-07-09T08:49:06","date_gmt":"2025-07-09T08:49:06","guid":{"rendered":"https:\/\/www.leclosdespies.com\/?page_id=107"},"modified":"2026-02-22T16:15:04","modified_gmt":"2026-02-22T16:15:04","slug":"galerie-photos","status":"publish","type":"page","link":"https:\/\/www.leclosdespies.com\/index.php\/galerie-photos\/","title":{"rendered":"Galerie photos"},"content":{"rendered":"\n<figure class=\"wp-block-gallery has-nested-images columns-default is-cropped wp-block-gallery-1 is-layout-flex wp-block-gallery-is-layout-flex\">\n<figure class=\"wp-block-image size-large\"><img loading=\"lazy\" decoding=\"async\" width=\"5000\" height=\"3333\" data-id=\"84\" src=\"https:\/\/www.leclosdespies.com\/wp-content\/uploads\/chambre-hotes-le-clos-des-pies-chambre-1-5000x3333.jpg\" alt=\"\" class=\"wp-image-84\" srcset=\"https:\/\/www.leclosdespies.com\/wp-content\/uploads\/chambre-hotes-le-clos-des-pies-chambre-1-5000x3333.jpg 5000w, https:\/\/www.leclosdespies.com\/wp-content\/uploads\/chambre-hotes-le-clos-des-pies-chambre-1-1000x667.jpg 1000w, https:\/\/www.leclosdespies.com\/wp-content\/uploads\/chambre-hotes-le-clos-des-pies-chambre-1-768x512.jpg 768w, https:\/\/www.leclosdespies.com\/wp-content\/uploads\/chambre-hotes-le-clos-des-pies-chambre-1-1536x1024.jpg 1536w, https:\/\/www.leclosdespies.com\/wp-content\/uploads\/chambre-hotes-le-clos-des-pies-chambre-1-2048x1365.jpg 2048w\" sizes=\"auto, (max-width: 5000px) 100vw, 5000px\" \/><figcaption class=\"wp-element-caption\">Lit douillet 160&#215;200<\/figcaption><\/figure>\n\n\n\n<figure class=\"wp-block-image size-large\"><img loading=\"lazy\" decoding=\"async\" width=\"5000\" height=\"3333\" data-id=\"19\" src=\"https:\/\/www.leclosdespies.com\/wp-content\/uploads\/chambre-hotes-le-clos-des-pies-jardin-1-5000x3333.jpg\" alt=\"\" class=\"wp-image-19\" srcset=\"https:\/\/www.leclosdespies.com\/wp-content\/uploads\/chambre-hotes-le-clos-des-pies-jardin-1-5000x3333.jpg 5000w, https:\/\/www.leclosdespies.com\/wp-content\/uploads\/chambre-hotes-le-clos-des-pies-jardin-1-1000x667.jpg 1000w, https:\/\/www.leclosdespies.com\/wp-content\/uploads\/chambre-hotes-le-clos-des-pies-jardin-1-768x512.jpg 768w, https:\/\/www.leclosdespies.com\/wp-content\/uploads\/chambre-hotes-le-clos-des-pies-jardin-1-1536x1024.jpg 1536w, https:\/\/www.leclosdespies.com\/wp-content\/uploads\/chambre-hotes-le-clos-des-pies-jardin-1-2048x1365.jpg 2048w\" sizes=\"auto, (max-width: 5000px) 100vw, 5000px\" \/><figcaption class=\"wp-element-caption\">Jardin clos<\/figcaption><\/figure>\n\n\n\n<figure class=\"wp-block-image size-large\"><img loading=\"lazy\" decoding=\"async\" width=\"5000\" height=\"3334\" data-id=\"24\" src=\"https:\/\/www.leclosdespies.com\/wp-content\/uploads\/chambre-hotes-le-clos-des-pies-petit-dejeuner-5000x3334.jpg\" alt=\"\" class=\"wp-image-24\" srcset=\"https:\/\/www.leclosdespies.com\/wp-content\/uploads\/chambre-hotes-le-clos-des-pies-petit-dejeuner-5000x3334.jpg 5000w, https:\/\/www.leclosdespies.com\/wp-content\/uploads\/chambre-hotes-le-clos-des-pies-petit-dejeuner-1000x667.jpg 1000w, https:\/\/www.leclosdespies.com\/wp-content\/uploads\/chambre-hotes-le-clos-des-pies-petit-dejeuner-768x512.jpg 768w, https:\/\/www.leclosdespies.com\/wp-content\/uploads\/chambre-hotes-le-clos-des-pies-petit-dejeuner-1536x1024.jpg 1536w, https:\/\/www.leclosdespies.com\/wp-content\/uploads\/chambre-hotes-le-clos-des-pies-petit-dejeuner-2048x1365.jpg 2048w\" sizes=\"auto, (max-width: 5000px) 100vw, 5000px\" \/><figcaption class=\"wp-element-caption\">Petit d\u00e9jeuner gourmand<\/figcaption><\/figure>\n\n\n\n<figure class=\"wp-block-image size-large\"><img loading=\"lazy\" decoding=\"async\" width=\"5000\" height=\"3333\" data-id=\"29\" src=\"https:\/\/www.leclosdespies.com\/wp-content\/uploads\/chambre-hotes-le-clos-des-pies-lit-detail-5000x3333.jpg\" alt=\"\" class=\"wp-image-29\" srcset=\"https:\/\/www.leclosdespies.com\/wp-content\/uploads\/chambre-hotes-le-clos-des-pies-lit-detail-5000x3333.jpg 5000w, https:\/\/www.leclosdespies.com\/wp-content\/uploads\/chambre-hotes-le-clos-des-pies-lit-detail-1000x667.jpg 1000w, https:\/\/www.leclosdespies.com\/wp-content\/uploads\/chambre-hotes-le-clos-des-pies-lit-detail-768x512.jpg 768w, https:\/\/www.leclosdespies.com\/wp-content\/uploads\/chambre-hotes-le-clos-des-pies-lit-detail-1536x1024.jpg 1536w, https:\/\/www.leclosdespies.com\/wp-content\/uploads\/chambre-hotes-le-clos-des-pies-lit-detail-2048x1365.jpg 2048w\" sizes=\"auto, (max-width: 5000px) 100vw, 5000px\" \/><figcaption class=\"wp-element-caption\">Linge de lit de qualit\u00e9<\/figcaption><\/figure>\n\n\n\n<figure class=\"wp-block-image size-large\"><img loading=\"lazy\" decoding=\"async\" width=\"5000\" height=\"3334\" data-id=\"87\" src=\"https:\/\/www.leclosdespies.com\/wp-content\/uploads\/chambre-hotes-le-clos-des-pies-chambre-3-5000x3334.jpg\" alt=\"\" class=\"wp-image-87\" srcset=\"https:\/\/www.leclosdespies.com\/wp-content\/uploads\/chambre-hotes-le-clos-des-pies-chambre-3-5000x3334.jpg 5000w, https:\/\/www.leclosdespies.com\/wp-content\/uploads\/chambre-hotes-le-clos-des-pies-chambre-3-1000x667.jpg 1000w, https:\/\/www.leclosdespies.com\/wp-content\/uploads\/chambre-hotes-le-clos-des-pies-chambre-3-768x512.jpg 768w, https:\/\/www.leclosdespies.com\/wp-content\/uploads\/chambre-hotes-le-clos-des-pies-chambre-3-1536x1024.jpg 1536w, https:\/\/www.leclosdespies.com\/wp-content\/uploads\/chambre-hotes-le-clos-des-pies-chambre-3-2048x1365.jpg 2048w\" sizes=\"auto, (max-width: 5000px) 100vw, 5000px\" \/><figcaption class=\"wp-element-caption\">Literie de qualit\u00e9<\/figcaption><\/figure>\n<\/figure>\n","protected":false},"excerpt":{"rendered":"","protected":false},"author":1,"featured_media":0,"parent":0,"menu_order":0,"comment_status":"closed","ping_status":"closed","template":"templates\/template-gallery.php","meta":{"footnotes":""},"class_list":["post-107","page","type-page","status-publish","hentry"],"yoast_head":"<!-- This site is optimized with the Yoast SEO plugin v27.4 - https:\/\/yoast.com\/product\/yoast-seo-wordpress\/ -->\n<title>Galerie photos - Chambre d&#039;h\u00f4tes - Le Clos des Pies<\/title>\n<meta name=\"description\" content=\"D\u00e9couvrez en photos Le Clos des Pies, chambre d\u2019h\u00f4tes dans le Jura : chambres, ext\u00e9rieurs et nature environnante. Plongez dans l\u2019ambiance du lieu avant votre s\u00e9jour et laissez-vous s\u00e9duire.\" \/>\n<meta name=\"robots\" content=\"index, follow, max-snippet:-1, max-image-preview:large, max-video-preview:-1\" \/>\n<link rel=\"canonical\" href=\"https:\/\/www.leclosdespies.com\/index.php\/galerie-photos\/\" \/>\n<meta property=\"og:locale\" content=\"fr_FR\" \/>\n<meta property=\"og:type\" content=\"article\" \/>\n<meta property=\"og:title\" content=\"Galerie photos - Chambre d&#039;h\u00f4tes - Le Clos des Pies\" \/>\n<meta property=\"og:description\" content=\"D\u00e9couvrez en photos Le Clos des Pies, chambre d\u2019h\u00f4tes dans le Jura : chambres, ext\u00e9rieurs et nature environnante. Plongez dans l\u2019ambiance du lieu avant votre s\u00e9jour et laissez-vous s\u00e9duire.\" \/>\n<meta property=\"og:url\" content=\"https:\/\/www.leclosdespies.com\/index.php\/galerie-photos\/\" \/>\n<meta property=\"og:site_name\" content=\"Chambre d&#039;h\u00f4tes - Le Clos des Pies\" \/>\n<meta property=\"article:publisher\" content=\"https:\/\/www.facebook.com\/le.clos.des.pies\" \/>\n<meta property=\"article:modified_time\" content=\"2026-02-22T16:15:04+00:00\" \/>\n<meta property=\"og:image\" content=\"https:\/\/www.leclosdespies.com\/wp-content\/uploads\/chambre-hotes-le-clos-des-pies-chambre-1-scaled.jpg\" \/>\n\t<meta property=\"og:image:width\" content=\"2560\" \/>\n\t<meta property=\"og:image:height\" content=\"1707\" \/>\n\t<meta property=\"og:image:type\" content=\"image\/jpeg\" \/>\n<script type=\"application\/ld+json\" class=\"yoast-schema-graph\">{\"@context\":\"https:\\\/\\\/schema.org\",\"@graph\":[{\"@type\":\"WebPage\",\"@id\":\"https:\\\/\\\/www.leclosdespies.com\\\/index.php\\\/galerie-photos\\\/\",\"url\":\"https:\\\/\\\/www.leclosdespies.com\\\/index.php\\\/galerie-photos\\\/\",\"name\":\"Galerie photos - Chambre d&#039;h\u00f4tes - Le Clos des Pies\",\"isPartOf\":{\"@id\":\"https:\\\/\\\/www.leclosdespies.com\\\/#website\"},\"primaryImageOfPage\":{\"@id\":\"https:\\\/\\\/www.leclosdespies.com\\\/index.php\\\/galerie-photos\\\/#primaryimage\"},\"image\":{\"@id\":\"https:\\\/\\\/www.leclosdespies.com\\\/index.php\\\/galerie-photos\\\/#primaryimage\"},\"thumbnailUrl\":\"https:\\\/\\\/www.leclosdespies.com\\\/wp-content\\\/uploads\\\/chambre-hotes-le-clos-des-pies-chambre-1-5000x3333.jpg\",\"datePublished\":\"2025-07-09T08:49:06+00:00\",\"dateModified\":\"2026-02-22T16:15:04+00:00\",\"description\":\"D\u00e9couvrez en photos Le Clos des Pies, chambre d\u2019h\u00f4tes dans le Jura : chambres, ext\u00e9rieurs et nature environnante. Plongez dans l\u2019ambiance du lieu avant votre s\u00e9jour et laissez-vous s\u00e9duire.\",\"breadcrumb\":{\"@id\":\"https:\\\/\\\/www.leclosdespies.com\\\/index.php\\\/galerie-photos\\\/#breadcrumb\"},\"inLanguage\":\"fr-FR\",\"potentialAction\":[{\"@type\":\"ReadAction\",\"target\":[\"https:\\\/\\\/www.leclosdespies.com\\\/index.php\\\/galerie-photos\\\/\"]}]},{\"@type\":\"ImageObject\",\"inLanguage\":\"fr-FR\",\"@id\":\"https:\\\/\\\/www.leclosdespies.com\\\/index.php\\\/galerie-photos\\\/#primaryimage\",\"url\":\"https:\\\/\\\/www.leclosdespies.com\\\/wp-content\\\/uploads\\\/chambre-hotes-le-clos-des-pies-chambre-1-scaled.jpg\",\"contentUrl\":\"https:\\\/\\\/www.leclosdespies.com\\\/wp-content\\\/uploads\\\/chambre-hotes-le-clos-des-pies-chambre-1-scaled.jpg\",\"width\":2560,\"height\":1707,\"caption\":\"Lit douillet 160x200\"},{\"@type\":\"BreadcrumbList\",\"@id\":\"https:\\\/\\\/www.leclosdespies.com\\\/index.php\\\/galerie-photos\\\/#breadcrumb\",\"itemListElement\":[{\"@type\":\"ListItem\",\"position\":1,\"name\":\"Accueil\",\"item\":\"https:\\\/\\\/www.leclosdespies.com\\\/\"},{\"@type\":\"ListItem\",\"position\":2,\"name\":\"Galerie photos\"}]},{\"@type\":\"WebSite\",\"@id\":\"https:\\\/\\\/www.leclosdespies.com\\\/#website\",\"url\":\"https:\\\/\\\/www.leclosdespies.com\\\/\",\"name\":\"Chambre d'h\u00f4tes - Le Clos des Pies\",\"description\":\"Install\u00e9e dans le village du Pin, au coeur du Jura, la chambre d\u2019h\u00f4tes Le Clos des Pies vous invite \u00e0 un s\u00e9jour au calme et au vert.\",\"publisher\":{\"@id\":\"https:\\\/\\\/www.leclosdespies.com\\\/#organization\"},\"potentialAction\":[{\"@type\":\"SearchAction\",\"target\":{\"@type\":\"EntryPoint\",\"urlTemplate\":\"https:\\\/\\\/www.leclosdespies.com\\\/?s={search_term_string}\"},\"query-input\":{\"@type\":\"PropertyValueSpecification\",\"valueRequired\":true,\"valueName\":\"search_term_string\"}}],\"inLanguage\":\"fr-FR\"},{\"@type\":\"Organization\",\"@id\":\"https:\\\/\\\/www.leclosdespies.com\\\/#organization\",\"name\":\"Chambre d'h\u00f4tes - Le Clos des Pies\",\"url\":\"https:\\\/\\\/www.leclosdespies.com\\\/\",\"logo\":{\"@type\":\"ImageObject\",\"inLanguage\":\"fr-FR\",\"@id\":\"https:\\\/\\\/www.leclosdespies.com\\\/#\\\/schema\\\/logo\\\/image\\\/\",\"url\":\"https:\\\/\\\/www.leclosdespies.com\\\/wp-content\\\/uploads\\\/cropped-Les-Clos-des-Pies-LOGO-white-new.png\",\"contentUrl\":\"https:\\\/\\\/www.leclosdespies.com\\\/wp-content\\\/uploads\\\/cropped-Les-Clos-des-Pies-LOGO-white-new.png\",\"width\":1344,\"height\":1063,\"caption\":\"Chambre d'h\u00f4tes - Le Clos des Pies\"},\"image\":{\"@id\":\"https:\\\/\\\/www.leclosdespies.com\\\/#\\\/schema\\\/logo\\\/image\\\/\"},\"sameAs\":[\"https:\\\/\\\/www.facebook.com\\\/le.clos.des.pies\",\"https:\\\/\\\/www.instagram.com\\\/le_clos_des_pies\\\/\"]}]}<\/script>\n<!-- \/ Yoast SEO plugin. -->","yoast_head_json":{"title":"Galerie photos - Chambre d&#039;h\u00f4tes - Le Clos des Pies","description":"D\u00e9couvrez en photos Le Clos des Pies, chambre d\u2019h\u00f4tes dans le Jura : chambres, ext\u00e9rieurs et nature environnante. Plongez dans l\u2019ambiance du lieu avant votre s\u00e9jour et laissez-vous s\u00e9duire.","robots":{"index":"index","follow":"follow","max-snippet":"max-snippet:-1","max-image-preview":"max-image-preview:large","max-video-preview":"max-video-preview:-1"},"canonical":"https:\/\/www.leclosdespies.com\/index.php\/galerie-photos\/","og_locale":"fr_FR","og_type":"article","og_title":"Galerie photos - Chambre d&#039;h\u00f4tes - Le Clos des Pies","og_description":"D\u00e9couvrez en photos Le Clos des Pies, chambre d\u2019h\u00f4tes dans le Jura : chambres, ext\u00e9rieurs et nature environnante. Plongez dans l\u2019ambiance du lieu avant votre s\u00e9jour et laissez-vous s\u00e9duire.","og_url":"https:\/\/www.leclosdespies.com\/index.php\/galerie-photos\/","og_site_name":"Chambre d&#039;h\u00f4tes - Le Clos des Pies","article_publisher":"https:\/\/www.facebook.com\/le.clos.des.pies","article_modified_time":"2026-02-22T16:15:04+00:00","og_image":[{"width":2560,"height":1707,"url":"https:\/\/www.leclosdespies.com\/wp-content\/uploads\/chambre-hotes-le-clos-des-pies-chambre-1-scaled.jpg","type":"image\/jpeg"}],"schema":{"@context":"https:\/\/schema.org","@graph":[{"@type":"WebPage","@id":"https:\/\/www.leclosdespies.com\/index.php\/galerie-photos\/","url":"https:\/\/www.leclosdespies.com\/index.php\/galerie-photos\/","name":"Galerie photos - Chambre d&#039;h\u00f4tes - Le Clos des Pies","isPartOf":{"@id":"https:\/\/www.leclosdespies.com\/#website"},"primaryImageOfPage":{"@id":"https:\/\/www.leclosdespies.com\/index.php\/galerie-photos\/#primaryimage"},"image":{"@id":"https:\/\/www.leclosdespies.com\/index.php\/galerie-photos\/#primaryimage"},"thumbnailUrl":"https:\/\/www.leclosdespies.com\/wp-content\/uploads\/chambre-hotes-le-clos-des-pies-chambre-1-5000x3333.jpg","datePublished":"2025-07-09T08:49:06+00:00","dateModified":"2026-02-22T16:15:04+00:00","description":"D\u00e9couvrez en photos Le Clos des Pies, chambre d\u2019h\u00f4tes dans le Jura : chambres, ext\u00e9rieurs et nature environnante. Plongez dans l\u2019ambiance du lieu avant votre s\u00e9jour et laissez-vous s\u00e9duire.","breadcrumb":{"@id":"https:\/\/www.leclosdespies.com\/index.php\/galerie-photos\/#breadcrumb"},"inLanguage":"fr-FR","potentialAction":[{"@type":"ReadAction","target":["https:\/\/www.leclosdespies.com\/index.php\/galerie-photos\/"]}]},{"@type":"ImageObject","inLanguage":"fr-FR","@id":"https:\/\/www.leclosdespies.com\/index.php\/galerie-photos\/#primaryimage","url":"https:\/\/www.leclosdespies.com\/wp-content\/uploads\/chambre-hotes-le-clos-des-pies-chambre-1-scaled.jpg","contentUrl":"https:\/\/www.leclosdespies.com\/wp-content\/uploads\/chambre-hotes-le-clos-des-pies-chambre-1-scaled.jpg","width":2560,"height":1707,"caption":"Lit douillet 160x200"},{"@type":"BreadcrumbList","@id":"https:\/\/www.leclosdespies.com\/index.php\/galerie-photos\/#breadcrumb","itemListElement":[{"@type":"ListItem","position":1,"name":"Accueil","item":"https:\/\/www.leclosdespies.com\/"},{"@type":"ListItem","position":2,"name":"Galerie photos"}]},{"@type":"WebSite","@id":"https:\/\/www.leclosdespies.com\/#website","url":"https:\/\/www.leclosdespies.com\/","name":"Chambre d'h\u00f4tes - Le Clos des Pies","description":"Install\u00e9e dans le village du Pin, au coeur du Jura, la chambre d\u2019h\u00f4tes Le Clos des Pies vous invite \u00e0 un s\u00e9jour au calme et au vert.","publisher":{"@id":"https:\/\/www.leclosdespies.com\/#organization"},"potentialAction":[{"@type":"SearchAction","target":{"@type":"EntryPoint","urlTemplate":"https:\/\/www.leclosdespies.com\/?s={search_term_string}"},"query-input":{"@type":"PropertyValueSpecification","valueRequired":true,"valueName":"search_term_string"}}],"inLanguage":"fr-FR"},{"@type":"Organization","@id":"https:\/\/www.leclosdespies.com\/#organization","name":"Chambre d'h\u00f4tes - Le Clos des Pies","url":"https:\/\/www.leclosdespies.com\/","logo":{"@type":"ImageObject","inLanguage":"fr-FR","@id":"https:\/\/www.leclosdespies.com\/#\/schema\/logo\/image\/","url":"https:\/\/www.leclosdespies.com\/wp-content\/uploads\/cropped-Les-Clos-des-Pies-LOGO-white-new.png","contentUrl":"https:\/\/www.leclosdespies.com\/wp-content\/uploads\/cropped-Les-Clos-des-Pies-LOGO-white-new.png","width":1344,"height":1063,"caption":"Chambre d'h\u00f4tes - Le Clos des Pies"},"image":{"@id":"https:\/\/www.leclosdespies.com\/#\/schema\/logo\/image\/"},"sameAs":["https:\/\/www.facebook.com\/le.clos.des.pies","https:\/\/www.instagram.com\/le_clos_des_pies\/"]}]}},"_links":{"self":[{"href":"https:\/\/www.leclosdespies.com\/index.php\/wp-json\/wp\/v2\/pages\/107","targetHints":{"allow":["GET"]}}],"collection":[{"href":"https:\/\/www.leclosdespies.com\/index.php\/wp-json\/wp\/v2\/pages"}],"about":[{"href":"https:\/\/www.leclosdespies.com\/index.php\/wp-json\/wp\/v2\/types\/page"}],"author":[{"embeddable":true,"href":"https:\/\/www.leclosdespies.com\/index.php\/wp-json\/wp\/v2\/users\/1"}],"replies":[{"embeddable":true,"href":"https:\/\/www.leclosdespies.com\/index.php\/wp-json\/wp\/v2\/comments?post=107"}],"version-history":[{"count":2,"href":"https:\/\/www.leclosdespies.com\/index.php\/wp-json\/wp\/v2\/pages\/107\/revisions"}],"predecessor-version":[{"id":111,"href":"https:\/\/www.leclosdespies.com\/index.php\/wp-json\/wp\/v2\/pages\/107\/revisions\/111"}],"wp:attachment":[{"href":"https:\/\/www.leclosdespies.com\/index.php\/wp-json\/wp\/v2\/media?parent=107"}],"curies":[{"name":"wp","href":"https:\/\/api.w.org\/{rel}","templated":true}]}}